{"id":3741,"date":"2022-05-05T08:03:00","date_gmt":"2022-05-05T14:03:00","guid":{"rendered":"https:\/\/www.munitotonicapan.com\/uip\/?page_id=3741"},"modified":"2023-05-03T15:12:53","modified_gmt":"2023-05-03T21:12:53","slug":"sinacig-2","status":"publish","type":"page","link":"https:\/\/munitotonicapan.gob.gt\/uip\/sinacig-2\/","title":{"rendered":"SINACIG"},"content":{"rendered":"<p>[et_pb_section fb_built=\u00bb1&#8243; fullwidth=\u00bbon\u00bb disabled_on=\u00bboff|off|off\u00bb _builder_version=\u00bb4.14.7&#8243; _module_preset=\u00bbdefault\u00bb border_color_all=\u00bb#E09900&#8243; global_colors_info=\u00bb{}\u00bb][et_pb_fullwidth_menu menu_style=\u00bbcentered\u00bb fullwidth_menu=\u00bboff\u00bb active_link_color=\u00bb#000000&#8243; admin_label=\u00bbMENU-PRUEBA\u00bb _builder_version=\u00bb4.14.7&#8243; _module_preset=\u00bbdefault\u00bb menu_font=\u00bbLato|700|||||||\u00bb menu_text_color=\u00bb#ffffff\u00bb menu_font_size=\u00bb20px\u00bb background_color=\u00bb#E02B20&#8243; background_color_gradient_start=\u00bb#eec008&#8243; background_color_gradient_end=\u00bb#e02b20&#8243; background_layout=\u00bbdark\u00bb custom_padding=\u00bb||0px|||\u00bb global_colors_info=\u00bb{}\u00bb][\/et_pb_fullwidth_menu][\/et_pb_section][et_pb_section fb_built=\u00bb1&#8243; admin_label=\u00bbHero section\u00bb _builder_version=\u00bb4.14.7&#8243; use_background_color_gradient=\u00bbon\u00bb background_color_gradient_start=\u00bbrgba(150,105,97,0.67)\u00bb background_color_gradient_end=\u00bbrgba(2,0,76,0.84)\u00bb background_color_gradient_overlays_image=\u00bbon\u00bb background_image=\u00bbhttps:\/\/munitotonicapan.gob.gt\/uip\/wp-content\/uploads\/2022\/05\/muni-teatro.jpg\u00bb background_position=\u00bbtop_center\u00bb module_alignment=\u00bbcenter\u00bb custom_margin=\u00bb|||\u00bb custom_padding=\u00bb10%||10%||false|\u00bb animation_style=\u00bbslide\u00bb global_colors_info=\u00bb{}\u00bb][et_pb_row _builder_version=\u00bb4.14.7&#8243; custom_margin=\u00bb10px||||false|false\u00bb global_colors_info=\u00bb{}\u00bb][et_pb_column type=\u00bb4_4&#8243; _builder_version=\u00bb3.25&#8243; custom_padding=\u00bb1px|||\u00bb global_colors_info=\u00bb{}\u00bb custom_padding__hover=\u00bb|||\u00bb][et_pb_image src=\u00bbhttps:\/\/munitotonicapan.gob.gt\/uip\/wp-content\/uploads\/2022\/05\/logo-shine.png\u00bb title_text=\u00bblogo-shine\u00bb align=\u00bbcenter\u00bb _builder_version=\u00bb4.14.7&#8243; _module_preset=\u00bbdefault\u00bb width=\u00bb30%\u00bb max_width=\u00bb110%\u00bb global_colors_info=\u00bb{}\u00bb][\/et_pb_image][et_pb_text _builder_version=\u00bb4.14.7&#8243; _module_preset=\u00bbdefault\u00bb text_font=\u00bbLato||||||||\u00bb text_text_color=\u00bb#ffffff\u00bb text_font_size=\u00bb20px\u00bb header_font=\u00bbLato|900||on|||||\u00bb header_text_color=\u00bb#ffffff\u00bb header_font_size=\u00bb80px\u00bb header_line_height=\u00bb1.2em\u00bb header_3_font=\u00bbLato|900|||||||\u00bb background_layout=\u00bbdark\u00bb module_alignment=\u00bbcenter\u00bb custom_margin=\u00bb5%||||false|false\u00bb header_font_tablet=\u00bb\u00bb header_font_phone=\u00bb\u00bb header_font_last_edited=\u00bbon|phone\u00bb header_font_size_tablet=\u00bb\u00bb header_font_size_phone=\u00bb30px\u00bb header_font_size_last_edited=\u00bbon|phone\u00bb header_3_font_tablet=\u00bb\u00bb header_3_font_phone=\u00bb\u00bb header_3_font_last_edited=\u00bbon|desktop\u00bb global_colors_info=\u00bb{}\u00bb]<\/p>\n<h2 style=\"text-align: center;\">Sistema Nacional de Control Interno Gubernamental<\/h2>\n<h1 style=\"text-align: center;\">-SINACIG-<\/h1>\n<p>&nbsp;<\/p>\n<p>[\/et_pb_text][\/et_pb_column][\/et_pb_row][\/et_pb_section][et_pb_section fb_built=\u00bb1&#8243; admin_label=\u00bbServices\u00bb _builder_version=\u00bb3.22&#8243; custom_padding=\u00bb0px|0px|0px|0|true|false\u00bb global_colors_info=\u00bb{}\u00bb][et_pb_row _builder_version=\u00bb3.25&#8243; min_height=\u00bb510.9px\u00bb custom_padding=\u00bb30px|0px|0|0px|false|false\u00bb global_colors_info=\u00bb{}\u00bb][et_pb_column type=\u00bb4_4&#8243; _builder_version=\u00bb3.25&#8243; custom_padding=\u00bb|||\u00bb global_colors_info=\u00bb{}\u00bb custom_padding__hover=\u00bb|||\u00bb][et_pb_text disabled_on=\u00bboff|off|off\u00bb _builder_version=\u00bb4.14.7&#8243; text_font=\u00bb||||||||\u00bb text_text_color=\u00bb#263681&#8243; header_font=\u00bb||||||||\u00bb header_text_align=\u00bbcenter\u00bb header_text_color=\u00bb#263681&#8243; header_2_font=\u00bbArial|700|||||||\u00bb header_2_text_color=\u00bb#263681&#8243; header_2_font_size=\u00bb48px\u00bb header_2_line_height=\u00bb1.4em\u00bb header_3_font=\u00bbJosefin Sans|700||on|||||\u00bb header_3_text_color=\u00bbrgba(43,51,68,0.2)\u00bb max_width=\u00bb1000px\u00bb custom_margin=\u00bb|||\u00bb custom_padding=\u00bb|||\u00bb header_2_font_size_tablet=\u00bb\u00bb header_2_font_size_phone=\u00bb24px\u00bb header_2_font_size_last_edited=\u00bbon|phone\u00bb header_2_line_height_tablet=\u00bb1.4em\u00bb header_2_line_height_phone=\u00bb\u00bb header_2_line_height_last_edited=\u00bbon|desktop\u00bb global_colors_info=\u00bb{}\u00bb]<\/p>\n<h2 style=\"text-align: center;\">ACUERDO A-028-2021<\/h2>\n<p>[\/et_pb_text][et_pb_image src=\u00bbhttps:\/\/munitotonicapan.gob.gt\/uip\/wp-content\/uploads\/2022\/05\/sinacig.jpg\u00bb title_text=\u00bbsinacig\u00bb align=\u00bbcenter\u00bb _builder_version=\u00bb4.5.0&#8243; _module_preset=\u00bbdefault\u00bb global_colors_info=\u00bb{}\u00bb][\/et_pb_image][\/et_pb_column][\/et_pb_row][et_pb_row _builder_version=\u00bb4.2.2&#8243; min_height=\u00bb423.7px\u00bb custom_margin=\u00bb||20px||false|false\u00bb global_colors_info=\u00bb{}\u00bb][et_pb_column type=\u00bb4_4&#8243; _builder_version=\u00bb3.25&#8243; custom_padding=\u00bb|||\u00bb global_colors_info=\u00bb{}\u00bb custom_padding__hover=\u00bb|||\u00bb][et_pb_text _builder_version=\u00bb4.14.7&#8243; text_font=\u00bbOpen Sans||||||||\u00bb text_font_size=\u00bb18px\u00bb text_line_height=\u00bb1.8em\u00bb custom_padding=\u00bb0px||43px|||\u00bb locked=\u00bboff\u00bb global_colors_info=\u00bb{}\u00bb]<\/p>\n<h3><strong>SINACIG<\/strong><\/h3>\n<ul>\n<li style=\"text-align: justify;\">El SINACIG fue aprobado por el Contralor\u00a0General de Cuentas mediante el\u00a0Acuerdo n\u00famero A-028-2021.\u00a0<strong><\/strong><\/li>\n<\/ul>\n<p>&nbsp;<\/p>\n<ul>\n<li style=\"text-align: justify;\">El Sistema Nacional de Control Interno Gubernamental &#8211; SINACIG &#8211; es el conjunto de objetivos, responsabilidades, componentes y normas de control interno emitidas por la Vicepresidencia de la Rep\u00fablica como entidad sujeta a fiscalizaci\u00f3n, para asegurar el cumplimiento de los objetivos fundamentales institucionales.<\/li>\n<\/ul>\n<p>&nbsp;<\/p>\n<p>[\/et_pb_text][\/et_pb_column][\/et_pb_row][\/et_pb_section][et_pb_section fb_built=\u00bb1&#8243; admin_label=\u00bbTestimonials\u00bb _builder_version=\u00bb3.22&#8243; background_color=\u00bb#edeff4&#8243; custom_padding=\u00bb54px|0px|100px|0px|false|false\u00bb global_colors_info=\u00bb{}\u00bb][\/et_pb_section][et_pb_section fb_built=\u00bb1&#8243; admin_label=\u00bbHero section\u00bb _builder_version=\u00bb4.14.7&#8243; use_background_color_gradient=\u00bbon\u00bb background_color_gradient_start=\u00bbrgba(150,105,97,0.67)\u00bb background_color_gradient_end=\u00bbrgba(2,0,76,0.84)\u00bb background_color_gradient_overlays_image=\u00bbon\u00bb background_image=\u00bbhttps:\/\/munitotonicapan.gob.gt\/uip\/wp-content\/uploads\/2022\/05\/parque-union.jpg\u00bb background_position=\u00bbtop_center\u00bb custom_margin=\u00bb|||\u00bb custom_padding=\u00bb10%||10%|\u00bb global_colors_info=\u00bb{}\u00bb][et_pb_row _builder_version=\u00bb4.2.2&#8243; custom_margin=\u00bb-709px|auto||auto||\u00bb custom_padding=\u00bb9px|||||\u00bb global_colors_info=\u00bb{}\u00bb][et_pb_column type=\u00bb4_4&#8243; _builder_version=\u00bb4.2.2&#8243; global_colors_info=\u00bb{}\u00bb][et_pb_accordion open_toggle_background_color=\u00bb#FFFFFF\u00bb closed_toggle_text_color=\u00bb#FFFFFF\u00bb closed_toggle_background_color=\u00bbrgba(139,169,193,0.87)\u00bb _builder_version=\u00bb4.14.7&#8243; toggle_level=\u00bbh3&#8243; toggle_font=\u00bbLato|700|||||||\u00bb toggle_text_align=\u00bbleft\u00bb toggle_line_height=\u00bb1.3em\u00bb body_font=\u00bbLato|700|||||||\u00bb min_height=\u00bb806.8px\u00bb custom_margin=\u00bb-25px||||false|false\u00bb hover_enabled=\u00bb0&#8243; toggle_text_shadow_style=\u00bbpreset1&#8243; global_colors_info=\u00bb{}\u00bb sticky_enabled=\u00bb0&#8243;][et_pb_accordion_item title=\u00bb1. Acuerdo No. A-028-2021 SINACIG\u00bb open=\u00bbon\u00bb _builder_version=\u00bb4.14.7&#8243; global_colors_info=\u00bb{}\u00bb]<\/p>\n<p>&nbsp;<\/p>\n<ul>\n<li><a href=\"https:\/\/munitotonicapan.gob.gt\/uip\/wp-content\/uploads\/2022\/05\/SINACIG-ACUERDO-NUMERO-A-028_2021.pdf\" title=\"Acuerdo Numero-A-028 2021\">Acuerdo Numero-A-028 2021<\/a><\/li>\n<\/ul>\n<p>[\/et_pb_accordion_item][et_pb_accordion_item title=\u00bb2. C\u00f3digo de \u00c9tica Municipal \u00bb _builder_version=\u00bb4.14.7&#8243; global_colors_info=\u00bb{}\u00bb open=\u00bboff\u00bb]<\/p>\n<p>&nbsp;<\/p>\n<ul>\n<li><a href=\"https:\/\/munitotonicapan.gob.gt\/uip\/wp-content\/uploads\/2022\/05\/2.SINACIG-CODIGO.DE_.ETICA_.APROBADO.pdf\" title=\"C\u00f3digo de \u00c9tica de la Municipalidad de Totonicap\u00e1n\">C\u00f3digo de \u00c9tica de la Municipalidad de Totonicap\u00e1n<\/a><\/li>\n<\/ul>\n<p>[\/et_pb_accordion_item][et_pb_accordion_item title=\u00bb3. Informe  Anual de Control Interno\u00bb _builder_version=\u00bb4.14.7&#8243; hover_enabled=\u00bb0&#8243; global_colors_info=\u00bb{}\u00bb open=\u00bboff\u00bb sticky_enabled=\u00bb0&#8243;]<\/p>\n<p>&nbsp;<\/p>\n<ul>\n<li><a href=\"https:\/\/munitotonicapan.gob.gt\/uip\/wp-content\/uploads\/2022\/05\/3.Informe.Anual_.de_.Control.Interno.Municipalidad.Toto_.SINACIG.pdf\" title=\"Informe Anual Control Interno de la  Municipalidad de Totonicap\u00e1n\">Informe Anual Control Interno de la Municipalidad de Totonicap\u00e1n 2022<\/a><\/li>\n<li><a href=\"https:\/\/munitotonicapan.gob.gt\/uip\/wp-content\/uploads\/2023\/05\/SINASIG.pdf\" title=\"Informe Anual Control Interno de la  Municipalidad de Totonicap\u00e1n\">Informe Anual Control Interno de la Municipalidad de Totonicap\u00e1n 2023<\/a>\u00a0<\/li>\n<\/ul>\n<p>[\/et_pb_accordion_item][et_pb_accordion_item title=\u00bb4. Matriz de Evaluaci\u00f3n de Riesgos\u00bb _builder_version=\u00bb4.14.7&#8243; global_colors_info=\u00bb{}\u00bb open=\u00bboff\u00bb]<\/p>\n<p>&nbsp;<\/p>\n<ul>\n<li><a href=\"https:\/\/munitotonicapan.gob.gt\/uip\/wp-content\/uploads\/2022\/05\/4.-MATRIZ-DE-EVALUACION-DE-RIESGOS-2021.pdf\" title=\"Matriz de Evaluaci\u00f3n de Riesgos 2021\">Matriz de Evaluaci\u00f3n de Riesgos 2021<\/a><\/li>\n<\/ul>\n<p>[\/et_pb_accordion_item][et_pb_accordion_item title=\u00bb5. Mapas de Riesgos\u00bb _builder_version=\u00bb4.14.7&#8243; _module_preset=\u00bbdefault\u00bb global_colors_info=\u00bb{}\u00bb open=\u00bboff\u00bb]<\/p>\n<ul>\n<li><a href=\"https:\/\/munitotonicapan.gob.gt\/uip\/wp-content\/uploads\/2022\/05\/5.SINACIG.MAPA_.DE_.RIESGOS.2021.pdf\" title=\"Mapa de Riesgos Municipalidad de Totonicap\u00e1n \">Mapa de Riesgos Municipalidad de Totonicap\u00e1n <\/a><\/li>\n<\/ul>\n<p>[\/et_pb_accordion_item][et_pb_accordion_item title=\u00bb6.Plan de Trabajo de Evaluaci\u00f3n de Riesgos\u00bb _builder_version=\u00bb4.14.7&#8243; _module_preset=\u00bbdefault\u00bb global_colors_info=\u00bb{}\u00bb open=\u00bboff\u00bb]<\/p>\n<ul>\n<li><a href=\"https:\/\/munitotonicapan.gob.gt\/uip\/wp-content\/uploads\/2022\/05\/6.PLAN_.DE_.TRABAJO.DE_.EVALUACION.DE_.RIESGOS.2021.pdf\" title=\"Plan de Trabajo de Evaluaci\u00f3n de Riesgos\">Plan de Trabajo de Evaluaci\u00f3n de Riesgos<\/a><\/li>\n<\/ul>\n<p>[\/et_pb_accordion_item][\/et_pb_accordion][\/et_pb_column][\/et_pb_row][et_pb_row disabled_on=\u00bbon|on|on\u00bb _builder_version=\u00bb3.25&#8243; custom_margin=\u00bb|||\u00bb disabled=\u00bbon\u00bb global_colors_info=\u00bb{}\u00bb][et_pb_column type=\u00bb4_4&#8243; _builder_version=\u00bb3.25&#8243; custom_padding=\u00bb|||\u00bb global_colors_info=\u00bb{}\u00bb custom_padding__hover=\u00bb|||\u00bb][et_pb_cta title=\u00bbHAGA SU SOLICITUD AHORA\u00bb button_url=\u00bbhttps:\/\/form.jotform.com\/201940840144852&#8243; url_new_window=\u00bbon\u00bb button_text=\u00bbSolicitar Informaci\u00f3n\u00bb _builder_version=\u00bb4.14.7&#8243; header_font=\u00bbLato|900||on|||||\u00bb header_font_size=\u00bb48px\u00bb header_letter_spacing=\u00bb2px\u00bb header_line_height=\u00bb1.2em\u00bb body_font=\u00bbLato||||||||\u00bb body_font_size=\u00bb20px\u00bb body_line_height=\u00bb1.8em\u00bb use_background_color=\u00bboff\u00bb custom_button=\u00bbon\u00bb button_text_size=\u00bb16px\u00bb button_text_color=\u00bb#ffffff\u00bb button_bg_color=\u00bb#fa7f28&#8243; button_border_width=\u00bb6px\u00bb button_border_color=\u00bb#fa7f28&#8243; button_border_radius=\u00bb5px\u00bb button_letter_spacing=\u00bb2px\u00bb button_font=\u00bbLato|900||on|||||\u00bb max_width=\u00bb750px\u00bb module_alignment=\u00bbcenter\u00bb animation_style=\u00bbfold\u00bb link_option_url=\u00bbhttps:\/\/munitotonicapan.gob.gt\/uip\/terminos-y-condiciones\/\u00bb link_option_url_new_window=\u00bbon\u00bb header_font_size_tablet=\u00bb40px\u00bb header_font_size_phone=\u00bb\u00bb header_font_size_last_edited=\u00bbon|tablet\u00bb header_text_shadow_style=\u00bbpreset1&#8243; header_text_shadow_blur_strength=\u00bb0.6em\u00bb header_text_shadow_color=\u00bbrgba(0,0,0,0.24)\u00bb box_shadow_style_button=\u00bbpreset3&#8243; box_shadow_blur_button=\u00bb30px\u00bb box_shadow_spread_button=\u00bb8px\u00bb box_shadow_color_button=\u00bbrgba(250,127,40,0.15)\u00bb button_letter_spacing_hover=\u00bb2px\u00bb global_colors_info=\u00bb{}\u00bb button_text_size__hover_enabled=\u00bboff\u00bb button_one_text_size__hover_enabled=\u00bboff\u00bb button_two_text_size__hover_enabled=\u00bboff\u00bb button_text_color__hover_enabled=\u00bboff\u00bb button_one_text_color__hover_enabled=\u00bboff\u00bb button_two_text_color__hover_enabled=\u00bboff\u00bb button_border_width__hover_enabled=\u00bboff\u00bb button_one_border_width__hover_enabled=\u00bboff\u00bb button_two_border_width__hover_enabled=\u00bboff\u00bb button_border_color__hover_enabled=\u00bboff\u00bb button_one_border_color__hover_enabled=\u00bboff\u00bb button_two_border_color__hover_enabled=\u00bboff\u00bb button_border_radius__hover_enabled=\u00bboff\u00bb button_one_border_radius__hover_enabled=\u00bboff\u00bb button_two_border_radius__hover_enabled=\u00bboff\u00bb button_letter_spacing__hover_enabled=\u00bbon\u00bb button_letter_spacing__hover=\u00bb2px\u00bb button_one_letter_spacing__hover_enabled=\u00bboff\u00bb button_two_letter_spacing__hover_enabled=\u00bboff\u00bb button_bg_color__hover_enabled=\u00bboff\u00bb button_one_bg_color__hover_enabled=\u00bboff\u00bb button_two_bg_color__hover_enabled=\u00bboff\u00bb]<\/p>\n<p>SI DESEA ACCESO A INFORMACI\u00d3N QUE ES DE CAR\u00c1CTER P\u00daBLICO HAGA SU SOLICITUD PULSANDO EL BOT\u00d3N NARANJA<\/p>\n<p>[\/et_pb_cta][\/et_pb_column][\/et_pb_row][et_pb_row _builder_version=\u00bb4.14.7&#8243; _module_preset=\u00bbdefault\u00bb global_colors_info=\u00bb{}\u00bb][et_pb_column type=\u00bb4_4&#8243; _builder_version=\u00bb4.14.7&#8243; _module_preset=\u00bbdefault\u00bb global_colors_info=\u00bb{}\u00bb][et_pb_text _builder_version=\u00bb4.14.7&#8243; _module_preset=\u00bbdefault\u00bb header_font=\u00bbJosefin Sans|700|||||||\u00bb header_text_color=\u00bb#FFFFFF\u00bb header_font_size=\u00bb70px\u00bb header_3_font=\u00bbJosefin Sans|||on|||||\u00bb header_3_text_color=\u00bb#FFFFFF\u00bb header_3_font_size=\u00bb26px\u00bb global_colors_info=\u00bb{}\u00bb]<\/p>\n<h1 style=\"text-align: center;\">Municipalidad de Totonicap\u00e1n<\/h1>\n<p>&nbsp;<\/p>\n<p>[\/et_pb_text][\/et_pb_column][\/et_pb_row][\/et_pb_section]<\/p>\n","protected":false},"excerpt":{"rendered":"<p>Sistema Nacional de Control Interno Gubernamental -SINACIG- &nbsp;ACUERDO A-028-2021SINACIG El SINACIG fue aprobado por el Contralor\u00a0General de Cuentas mediante el\u00a0Acuerdo n\u00famero A-028-2021.\u00a0 &nbsp; El Sistema Nacional de Control Interno Gubernamental &#8211; SINACIG &#8211; es el conjunto de objetivos, responsabilidades, componentes y normas de control interno emitidas por la Vicepresidencia de la Rep\u00fablica como entidad sujeta [&hellip;]<\/p>\n","protected":false},"author":3,"featured_media":0,"parent":0,"menu_order":0,"comment_status":"closed","ping_status":"closed","template":"page-template-blank.php","meta":{"_et_pb_use_builder":"on","_et_pb_old_content":"<!-- wp:divi\/placeholder \/-->","_et_gb_content_width":"","footnotes":""},"class_list":["post-3741","page","type-page","status-publish","hentry"],"_links":{"self":[{"href":"https:\/\/munitotonicapan.gob.gt\/uip\/wp-json\/wp\/v2\/pages\/3741","targetHints":{"allow":["GET"]}}],"collection":[{"href":"https:\/\/munitotonicapan.gob.gt\/uip\/wp-json\/wp\/v2\/pages"}],"about":[{"href":"https:\/\/munitotonicapan.gob.gt\/uip\/wp-json\/wp\/v2\/types\/page"}],"author":[{"embeddable":true,"href":"https:\/\/munitotonicapan.gob.gt\/uip\/wp-json\/wp\/v2\/users\/3"}],"replies":[{"embeddable":true,"href":"https:\/\/munitotonicapan.gob.gt\/uip\/wp-json\/wp\/v2\/comments?post=3741"}],"version-history":[{"count":30,"href":"https:\/\/munitotonicapan.gob.gt\/uip\/wp-json\/wp\/v2\/pages\/3741\/revisions"}],"predecessor-version":[{"id":4536,"href":"https:\/\/munitotonicapan.gob.gt\/uip\/wp-json\/wp\/v2\/pages\/3741\/revisions\/4536"}],"wp:attachment":[{"href":"https:\/\/munitotonicapan.gob.gt\/uip\/wp-json\/wp\/v2\/media?parent=3741"}],"curies":[{"name":"wp","href":"https:\/\/api.w.org\/{rel}","templated":true}]}}